, 7, 13
What are the prime factors of 2458?
2, 1229
What are the prime factors of 29549?
13, 2273
What are the prime factors of 6891?
3, 2297
What are the prime factors of 2872?
2, 359
List the prime factors of 58734.
2, 3, 13, 251
List the prime factors of 2412.
2, 3, 67
What are the prime factors of 3083?
3083
What are the prime factors of 146921?
146921
List the prime factors of 3620.
2, 5, 181
What are the prime factors of 2089?
2089
List the prime factors of 200036.
2, 43, 1163
List the prime factors of 298.
2, 149
List the prime factors of 2433.
3, 811
What are the prime factors of 491?
491
What are the prime factors of 11985?
3, 5, 17, 47
What are the prime factors of 15449?
7, 2207
List the prime factors of 49541.
107, 463
List the prime factors of 4041.
3, 449
List the prime factors of 2173.
41, 53
List the prime factors of 965.
5, 193
What are the prime factors of 1261?
13, 97
List the prime factors of 268.
2, 67
What are the prime factors of 7351?
7351
List the prime factors of 7393.
7393
What are the prime factors of 3457?
3457
What are the prime factors of 14664?
2, 3, 13, 47
List the prime factors of 6740.
2, 5, 337
What are the prime factors of 23741?
23741
List the prime factors of 73156.
2, 18289
What are the prime factors of 225?
3, 5
What are the prime factors of 1430?
2, 5, 11, 13
List the prime factors of 6143.
6143
List the prime factors of 4604.
2, 1151
List the prime factors of 21142.
2, 11, 31
List the prime factors of 50576.
2, 29, 109
What are the prime factors of 36408?
2, 3, 37, 41
What are the prime factors of 3872?
2, 11
List the prime factors of 3981.
3, 1327
List the prime factors of 25485.
3, 5, 1699
What are the prime factors of 3995?
5, 17, 47
What are the prime factors of 5173?
7, 739
List the prime factors of 989.
23, 43
List the prime factors of 68405.
5, 13681
What are the prime factors of 20146?
2, 7, 1439
What are the prime factors of 1436?
2, 359
List the prime factors of 109674.
2, 3, 677
List the prime factors of 2532.
2, 3, 211
What are the prime factors of 1695?
3, 5, 113
What are the prime factors of 27331?
151, 181
List the prime factors of 130103.
281, 463
List the prime factors of 14945.
5, 7, 61
What are the prime factors of 33842?
2, 16921
List the prime factors of 16863.
3, 7, 11, 73
What are the prime factors of 23309?
11, 13, 163
What are the prime factors of 928?
2, 29
What are the prime factors of 79993?
167, 479
What are the prime factors of 226?
2, 113
List the prime factors of 1033.
1033
What are the prime factors of 18962?
2, 19, 499
What are the prime factors of 122900?
2, 5, 1229
List the prime factors of 129769.
129769
List the prime factors of 167.
167
List the prime factors of 1231.
1231
What are the prime factors of 31860?
2, 3, 5, 59
List the prime factors of 90408.
2, 3, 3767
List the prime factors of 10136.
2, 7, 181
List the prime factors of 763.
7, 109
List the prime factors of 1358.
2, 7, 97
List the prime factors of 1427.
1427
What are the prime factors of 432?
2, 3
List the prime factors of 43352.
2, 5419
What are the prime factors of 53?
53
List the prime factors of 525.
3, 5, 7
List the prime factors of 5867.
5867
What are the prime factors of 5653?
5653
List the prime factors of 16055.
5, 13, 19
List the prime factors of 958.
2, 479
List the prime factors of 7920.
2, 3, 5, 11
List the prime factors of 1085.
5, 7, 31
What are the prime factors of 92572?
2, 23143
What are the prime factors of 172490?
2, 5, 47, 367
List the prime factors of 2436.
2, 3, 7, 29
List the prime factors of 3572.
2, 19, 47
List the prime factors of 11849.
17, 41
What are the prime factors of 737?
11, 67
What are the prime factors of 48924?
2, 3, 151
List the prime factors of 29467.
79, 373
What are the prime factors of 3191?
3191
What are the prime factors of 726?
2, 3, 11
What are the prime factors of 11737?
11, 97
What are the prime factors of 21429?
3, 2381
List the prime factors of 17022.
2, 3, 2837
What are the prime factors of 5292?
2, 3, 7
What are the prime factors of 6693?
3, 23, 97
What are the prime factors of 4954?
2, 2477
What are the prime factors of 51072?
2, 3, 7, 19
List the prime factors of 12392.
2, 1549
List the prime factors of 954.
2, 3, 53
List the prime factors of 154978.
2, 77489
What are the prime factors of 1315?
5, 263
What are the prime factors of 2909?
2909
What are the prime factors of 3705?
3, 5, 13, 19
What are the prime factors of 443?
443
List the prime factors of 21212.
2, 5303
List the prime factors of 2322.
2, 3, 43
List the prime factors of 4509.
3, 167
What are the prime factors of 24496?
2, 1531
List the prime factors of 12134.
2, 6067
List the prime factors of 6131.
6131
What are the prime factors of 34047?
3, 13, 97
List the prime factors of 4325.
5, 173
List the prime factors of 7510.
2, 5, 751
List the prime factors of 8842.
2, 4421
What are the prime factors of 180?
2, 3, 5
List the prime factors of 10647.
3, 7, 13
What are the prime factors of 3641?
11, 331
List the prime factors of 279.
3, 31
What are the prime factors of 9827?
31, 317
List the prime factors of 19027.
53, 359
List the prime factors of 749.
7, 107
List the prime factors of 2292.
2, 3, 191
List the prime factors of 972.
2, 3
List the prime factors of 86810.
2, 5, 8681
What are the prime factors of 507?
3, 13
List the prime factors of 7385.
5, 7, 211
What are the prime factors of 4823?
7, 13, 53
What are the prime factors of 20426?
2, 7, 1459
What are the prime factors of 2439?
3, 271
List the prime factors of 64392.
2, 3, 2683
List the prime factors of 8371.
11, 761
List the prime factors of 73462.
2, 23, 1597
List the prime factors of 23144.
2, 11, 263
List the prime factors of 8841.
3, 7, 421
What are the prime factors of 13121?
13121
What are the prime factors of 3937?
31, 127
What are the prime factors of 15107?
15107
List the prime factors of 811.
811
List the prime factors of 2837.
2837
What are the prime factors of 782?
2, 17, 23
What are the prime factors of 1551?
3, 11, 47
List the prime factors of 10908.
2, 3, 101
What are the prime factors of 2641?
19, 139
What are the prime factors of 22053?
3, 7351
What are the prime factors of 268?
2, 67
What are the prime factors of 8814?
2, 3, 13, 113
What are the prime factors of 2307?
3, 769
List the prime factors of 520.
2, 5, 13
List the prime factors of 2744.
2, 7
What are the prime factors of 1067?
11, 97
What are the prime factors of 22704?
2, 3, 11, 43
List the prime factors of 5682.
2, 3, 947
What are the prime factors of 57713?
57713
What are the prime factors of 13933?
13933
What are the prime factors of 694?
2, 347
What are the prime factors of 3663?
3, 11, 37
What are the prime factors of 1206?
2, 3, 67
What are the prime factors of 72040?
2, 5, 1801
List the prime factors of 571.
571
List the prime factors of 183.
3, 61
What are the prime factors of 12162?
2, 3, 2027
List the prime factors of 706.
2, 353
What are the prime factors of 1967?
7, 281
What are the prime factors of 11838?
2, 3, 1973
List the prime factors of 32103.
3, 29, 41
What are the prime factors of 5964?
2, 3, 7, 71
List the prime factors of 312.
2, 3, 13
What are the prime factors of 75805?
5, 15161
What are the prime factors of 9777?
3, 3259
List the prime factors of 3256.
2, 11, 37
List the prime factors of 4266.
2, 3, 79
What are the prime factors of 8025?
3, 5, 107
What are the prime factors of 2714?
2, 23, 59
What are the prime factors of 1450?
2, 5, 29
List the prime factors of 66822.
2, 3, 7, 37, 43
List the prime factors of 1859.
11, 13
List the prime factors of 2666.
2, 31, 43
List the prime factors of 713.
23, 31
List the prime factors of 6193.
11, 563
List the prime factors of 38682.
2, 3, 7, 307
List the prime factors of 2997.
3, 37
What are the prime factors of 2962?
2, 1481
What are the prime factors of 4176?
2, 3, 29
List the prime factors of 1843.
19, 97
List the prime factors of 18509.
83, 223
What are the prime factors of 378?
2, 3, 7
What are the prime factors of 98?
2, 7
List the prime factors of 71981.
7, 13, 113
What are the prime factors of 6897?
3, 11, 19
List the prime factors of 434.
2, 7, 31
List the prime factors of 14925.
3, 5, 199
What are the prime factors of 75563?
19, 41, 97
List the prime factors of 112590.
2, 3